{"id":77,"date":"2019-04-23T19:56:22","date_gmt":"2019-04-23T19:56:22","guid":{"rendered":"http:\/\/loneseco-asso.fr\/?page_id=77"},"modified":"2025-12-26T14:00:13","modified_gmt":"2025-12-26T14:00:13","slug":"le-bureau","status":"publish","type":"page","link":"https:\/\/loneseco-asso.fr\/?page_id=77","title":{"rendered":"Le Bureau"},"content":{"rendered":"\n<h3><strong>Pr\u00e9sidente<\/strong><\/h3>\n<p><strong>Elodie<\/strong> (alias <strong>Elo<\/strong>),<br \/>Charg\u00e9e de Communication,<br \/>elle est soyonnaise depuis plus de 20 ans, mari\u00e9e et maman d&rsquo;un ado.<br \/>Elle aime partager ses astuces pour r\u00e9duire son empreinte \u00e9cologique.<\/p>\n<h3><strong>Tr\u00e9sorier<\/strong><\/h3>\n<p><strong>Philippe<\/strong> (alias <strong>Phil<\/strong>),<\/p>\n<p>Dessinateur,<br \/>il est soyonnais depuis plus de 20 ans, en couple et papa de 3 adultes.<br \/>Il a \u00e0 c\u0153ur de faire vivre sa commune.<\/p>\n<h3 style=\"text-align: right;\"><strong>B\u00e9n\u00e9voles actifs<\/strong><\/h3>\n<p style=\"text-align: right;\"><strong>Emmanuelle<\/strong> (alias <strong>Manue<\/strong>),<br \/>Nounou,<br \/>mari\u00e9e, elle \u00e9l\u00e8ve ses 3 enfants (et ceux des autres).<br \/>Elle est notre \u00ab\u00a0petite main\u00a0\u00bb pour tout ce qui est d\u00e9coration fait maison.<\/p>\n<p>\u00a0<\/p>\n<p style=\"text-align: right;\"><strong>Philippe<\/strong> (alias <strong>Philou<\/strong>),<br \/>En reconversion,<br \/>c\u00e9libataire et soyonnais depuis toujours.<br \/>Il aime la Nature et donner de son temps pour les autres.<br \/>Il est notre Monsieur logistique lors de notre temps fort.<\/p>\n\n\n","protected":false},"excerpt":{"rendered":"<p>Pr\u00e9sidente Elodie (alias Elo),Charg\u00e9e de Communication,elle est soyonnaise depuis plus de 20 ans, mari\u00e9e et maman d&rsquo;un ado.Elle aime partager ses astuces pour r\u00e9duire son empreinte \u00e9cologique. Tr\u00e9sorier Philippe (alias Phil), Dessinateur,il est soyonnais depuis plus de 20 ans, en couple et papa de 3 adultes.Il a \u00e0 c\u0153ur de faire vivre sa commune. B\u00e9n\u00e9voles &hellip; <a href=\"https:\/\/loneseco-asso.fr\/?page_id=77\" class=\"more-link\">Continuer la lecture de <span class=\"screen-reader-text\">Le Bureau<\/span>  <span class=\"meta-nav\">&rarr;<\/span><\/a><\/p>\n","protected":false},"author":1,"featured_media":0,"parent":0,"menu_order":0,"comment_status":"closed","ping_status":"closed","template":"","meta":{"footnotes":""},"class_list":["post-77","page","type-page","status-publish","hentry"],"_links":{"self":[{"href":"https:\/\/loneseco-asso.fr\/index.php?rest_route=\/wp\/v2\/pages\/77","targetHints":{"allow":["GET"]}}],"collection":[{"href":"https:\/\/loneseco-asso.fr\/index.php?rest_route=\/wp\/v2\/pages"}],"about":[{"href":"https:\/\/loneseco-asso.fr\/index.php?rest_route=\/wp\/v2\/types\/page"}],"author":[{"embeddable":true,"href":"https:\/\/loneseco-asso.fr\/index.php?rest_route=\/wp\/v2\/users\/1"}],"replies":[{"embeddable":true,"href":"https:\/\/loneseco-asso.fr\/index.php?rest_route=%2Fwp%2Fv2%2Fcomments&post=77"}],"version-history":[{"count":22,"href":"https:\/\/loneseco-asso.fr\/index.php?rest_route=\/wp\/v2\/pages\/77\/revisions"}],"predecessor-version":[{"id":1531,"href":"https:\/\/loneseco-asso.fr\/index.php?rest_route=\/wp\/v2\/pages\/77\/revisions\/1531"}],"wp:attachment":[{"href":"https:\/\/loneseco-asso.fr\/index.php?rest_route=%2Fwp%2Fv2%2Fmedia&parent=77"}],"curies":[{"name":"wp","href":"https:\/\/api.w.org\/{rel}","templated":true}]}}