{"id":74,"date":"2023-11-02T09:22:53","date_gmt":"2023-11-02T09:22:53","guid":{"rendered":"http:\/\/loneseco-asso.fr\/?page_id=74"},"modified":"2025-04-28T16:49:56","modified_gmt":"2025-04-28T16:49:56","slug":"les-mentions-legales","status":"publish","type":"page","link":"https:\/\/loneseco-asso.fr\/?page_id=74","title":{"rendered":"Les Mentions l\u00e9gales"},"content":{"rendered":"\n<h1><strong>Objet<\/strong> :<\/h1>\n\n\n\n<h6 style=\"padding-left: 40px;\">Organiser des \u00e9v\u00e9nements en relation avec l&rsquo;\u00e9cologie, l&rsquo;environnement et le recyclage ainsi que la cr\u00e9ation et la gestion de jardins partag\u00e9s, des ateliers p\u00e9dagogiques.<\/h6>\n\n\n\n<h1><strong>Identification<\/strong> :<\/h1>\n\n\n\n<h6 style=\"padding-left: 40px;\">RNA N\u00b0W073006761<br \/>Parution JOAFE le 29\/12\/2018 (consulter le <a href=\"http:\/\/www.journal-officiel.gouv.fr\/publications\/assoc\/pdf\/2018\/0052\/JOAFE_PDF_Unitaire_20180052_00082.pdf\" target=\"_blank\" rel=\"noopener noreferrer\">T\u00e9moin de publication<\/a>)<br \/><span class=\"gmail_default\">\u200b<\/span>SIRET N\u00b0850 743 220 00012<\/h6>\n\n\n\n<h1><strong>Si\u00e8ge social<\/strong> :<\/h1>\n\n\n\n<h6>Adresse postale : 140 Impasse Cornaire 07130 SOYONS<br \/>T\u00e9l\u00e9phone : 06 51 12 12 17<br \/>E-mail : <a href=\"mailto:loneseco.asso@gmail.com\" target=\"_blank\" rel=\"noopener noreferrer\">loneseco.asso@gmail.com<\/a><\/h6>\n\n\n\n<h1><strong>Membres du bureau<\/strong> :<\/h1>\n\n\n\n<h6 style=\"padding-left: 40px;\"><strong>Pr\u00e9sident(e)<\/strong> : Elodie R.<br \/><strong>Tr\u00e9sorier(e)<\/strong> : Maxime H.<br \/><strong>Secr\u00e9taire<\/strong> : Ang\u00e9line V.<\/h6>\n\n\n\n<h1><strong>Publications <\/strong>:<\/h1>\n\n\n\n<h6><strong>Webmaster<\/strong> : Elodie RAITANO<br \/><strong>Directrice de publication<\/strong> : Elodie RAITANO<br \/><strong>Responsable de r\u00e9daction<\/strong> : Elodie RAITANO<br \/><strong>H\u00e9bergeur<\/strong> : 1and1 Ionos<\/h6>\n\n\n\n<h1 class=\"wp-block-preformatted\"><strong>Statuts<\/strong> :<\/h1>\n\n\n\n<h6 style=\"padding-left: 40px;\">En t\u00e9l\u00e9chargement <b><a href=\"https:\/\/loneseco-asso.fr\/wp-content\/uploads\/2020\/01\/Statuts-l\u00f4nes-Co.pdf\" target=\"_blank\" rel=\"noopener noreferrer\">ici<\/a><\/b><\/h6>\n\n\n\n<h6>Le contenu de ce site est prot\u00e9g\u00e9 par les droits d&rsquo;auteur, (article L122-4 du Code de la Propri\u00e9t\u00e9 intellectuelle) : \u00a0\u00bb <em>Toute repr\u00e9sentation ou reproduction int\u00e9grale ou partielle faite sans le consentement de l&rsquo;auteur ou de ses ayants droit ou ayants cause est illicite. Il en est de m\u00eame pour la traduction, l&rsquo;adaptation ou la transformation, l&rsquo;arrangement ou la reproduction par un art ou un proc\u00e9d\u00e9 quelconque. Ils peuvent \u00e9galement, s&rsquo;ils le souhaitent, signaler que les contenus peuvent \u00eatre reproduits, mais avec mention de la source et \u00e9ventuellement un lien pointant vers le contenu original.<\/em> \u00ab\u00a0<\/h6>\n\n\n\n<h6>En cas de publication de propos diffamatoires, le pr\u00e9sident n&rsquo;est responsable des commentaires des internautes que s&rsquo;il a eu connaissance de leur contenu avant leur mise en ligne, ou s&rsquo;il n&rsquo;a pas agi promptement pour les retirer d\u00e8s qu&rsquo;il en a eu connaissance.<\/h6>\n\n\n\n<h6>Alors que nous avons effectu\u00e9 toutes les d\u00e9marches pour nous assurer de la fiabilit\u00e9 des informations contenues sur ce site internet, l&rsquo;association L\u00f4nes &amp;Co ne peut encourir aucune responsabilit\u00e9 du fait d&rsquo;erreurs, d&rsquo;omissions, ou pour les r\u00e9sultats qui pourraient \u00eatre obtenus par l&rsquo;usage de ces informations.<\/h6>\n\n\n\n<h6>Il est possible que l&rsquo;association mette des liens hypertextes qui envoient vers des sites ext\u00e9rieurs. Ces sites n&rsquo;\u00e9tant pas g\u00e9r\u00e9s par l&rsquo;association, elle ne saurait \u00eatre tenue responsable de son contenu.<\/h6>\n\n\n","protected":false},"excerpt":{"rendered":"<p>Objet : Organiser des \u00e9v\u00e9nements en relation avec l&rsquo;\u00e9cologie, l&rsquo;environnement et le recyclage ainsi que la cr\u00e9ation et la gestion de jardins partag\u00e9s, des ateliers p\u00e9dagogiques. Identification : RNA N\u00b0W073006761Parution JOAFE le 29\/12\/2018 (consulter le T\u00e9moin de publication)\u200bSIRET N\u00b0850 743 220 00012 Si\u00e8ge social : Adresse postale : 140 Impasse Cornaire 07130 SOYONST\u00e9l\u00e9phone : 06 &hellip; <a href=\"https:\/\/loneseco-asso.fr\/?page_id=74\" class=\"more-link\">Continuer la lecture de <span class=\"screen-reader-text\">Les Mentions l\u00e9gales<\/span>  <span class=\"meta-nav\">&rarr;<\/span><\/a><\/p>\n","protected":false},"author":1,"featured_media":0,"parent":0,"menu_order":0,"comment_status":"closed","ping_status":"closed","template":"","meta":{"footnotes":""},"class_list":["post-74","page","type-page","status-publish","hentry"],"_links":{"self":[{"href":"https:\/\/loneseco-asso.fr\/index.php?rest_route=\/wp\/v2\/pages\/74","targetHints":{"allow":["GET"]}}],"collection":[{"href":"https:\/\/loneseco-asso.fr\/index.php?rest_route=\/wp\/v2\/pages"}],"about":[{"href":"https:\/\/loneseco-asso.fr\/index.php?rest_route=\/wp\/v2\/types\/page"}],"author":[{"embeddable":true,"href":"https:\/\/loneseco-asso.fr\/index.php?rest_route=\/wp\/v2\/users\/1"}],"replies":[{"embeddable":true,"href":"https:\/\/loneseco-asso.fr\/index.php?rest_route=%2Fwp%2Fv2%2Fcomments&post=74"}],"version-history":[{"count":17,"href":"https:\/\/loneseco-asso.fr\/index.php?rest_route=\/wp\/v2\/pages\/74\/revisions"}],"predecessor-version":[{"id":1499,"href":"https:\/\/loneseco-asso.fr\/index.php?rest_route=\/wp\/v2\/pages\/74\/revisions\/1499"}],"wp:attachment":[{"href":"https:\/\/loneseco-asso.fr\/index.php?rest_route=%2Fwp%2Fv2%2Fmedia&parent=74"}],"curies":[{"name":"wp","href":"https:\/\/api.w.org\/{rel}","templated":true}]}}