{"id":707,"date":"2021-02-03T07:40:18","date_gmt":"2021-02-03T07:40:18","guid":{"rendered":"http:\/\/loneseco-asso.fr\/?page_id=707"},"modified":"2024-11-18T20:12:21","modified_gmt":"2024-11-18T20:12:21","slug":"presentation-de-lasso","status":"publish","type":"page","link":"https:\/\/loneseco-asso.fr\/?page_id=707","title":{"rendered":"Pr\u00e9sentation de l&rsquo;asso"},"content":{"rendered":"\n<p>Vous trouverez dans cette rubrique tout ce qui concerne l&rsquo;association, depuis l&rsquo;id\u00e9e de d\u00e9part, la composition du bureau, les documents \u00e0 t\u00e9l\u00e9charger&#8230;<\/p>\n","protected":false},"excerpt":{"rendered":"<p>Vous trouverez dans cette rubrique tout ce qui concerne l&rsquo;association, depuis l&rsquo;id\u00e9e de d\u00e9part, la composition du bureau, les documents \u00e0 t\u00e9l\u00e9charger&#8230;<\/p>\n","protected":false},"author":1,"featured_media":0,"parent":0,"menu_order":0,"comment_status":"closed","ping_status":"closed","template":"","meta":{"footnotes":""},"class_list":["post-707","page","type-page","status-publish","hentry"],"_links":{"self":[{"href":"https:\/\/loneseco-asso.fr\/index.php?rest_route=\/wp\/v2\/pages\/707","targetHints":{"allow":["GET"]}}],"collection":[{"href":"https:\/\/loneseco-asso.fr\/index.php?rest_route=\/wp\/v2\/pages"}],"about":[{"href":"https:\/\/loneseco-asso.fr\/index.php?rest_route=\/wp\/v2\/types\/page"}],"author":[{"embeddable":true,"href":"https:\/\/loneseco-asso.fr\/index.php?rest_route=\/wp\/v2\/users\/1"}],"replies":[{"embeddable":true,"href":"https:\/\/loneseco-asso.fr\/index.php?rest_route=%2Fwp%2Fv2%2Fcomments&post=707"}],"version-history":[{"count":3,"href":"https:\/\/loneseco-asso.fr\/index.php?rest_route=\/wp\/v2\/pages\/707\/revisions"}],"predecessor-version":[{"id":790,"href":"https:\/\/loneseco-asso.fr\/index.php?rest_route=\/wp\/v2\/pages\/707\/revisions\/790"}],"wp:attachment":[{"href":"https:\/\/loneseco-asso.fr\/index.php?rest_route=%2Fwp%2Fv2%2Fmedia&parent=707"}],"curies":[{"name":"wp","href":"https:\/\/api.w.org\/{rel}","templated":true}]}}