{"id":289,"date":"2019-04-28T19:22:45","date_gmt":"2019-04-28T19:22:45","guid":{"rendered":"http:\/\/loneseco-asso.fr\/?page_id=289"},"modified":"2025-12-26T14:08:41","modified_gmt":"2025-12-26T14:08:41","slug":"agenda","status":"publish","type":"page","link":"https:\/\/loneseco-asso.fr\/?page_id=289","title":{"rendered":"Agenda"},"content":{"rendered":"\n<p><span style=\"text-decoration: underline;\"><strong>Pour 2026 :<\/strong><\/span><\/p>\n<ul>\n<li><strong>Samedi 6 Juin 2026<\/strong>\u00a0: <br \/>Weekend \u00e9co \u00ab\u00a0Soyons f\u00eate la Nature #7\u00a0\u00bb &#8211; Br\u00e9gard, Soyons (10h-18h) suivi d&rsquo;un concert<br \/><br \/><\/li>\n<li><strong>Vendredi 28 Ao\u00fbt 2026 :<\/strong><br \/>Accueil des nouveaux soyonnais &#8211; Salle des F\u00eates Andr\u00e9 CONTE, Soyons<br \/><br \/><\/li>\n<li><strong>Samedi 29 Ao\u00fbt 2026 <\/strong>: <br \/>Forum des associations &#8211; Br\u00e9gard, Soyons (9h-12h)<\/li>\n<\/ul>\n<p>D&rsquo;autres animations peuvent \u00eatre mises en place au cours de l&rsquo;ann\u00e9e, n&rsquo;h\u00e9sitez pas \u00e0 vous renseigner.<\/p>\n<p>Vous voulez en savoir plus ? <br \/>Alors contactez-nous vite par mail \u00e0 <a href=\"mailto:loneseco.asso@gmail.com\">loneseco.asso@gmail.com<\/a>\u00a0<\/p>\n<p>\u00a0<\/p>\n","protected":false},"excerpt":{"rendered":"<p>Pour 2026 : Samedi 6 Juin 2026\u00a0: Weekend \u00e9co \u00ab\u00a0Soyons f\u00eate la Nature #7\u00a0\u00bb &#8211; Br\u00e9gard, Soyons (10h-18h) suivi d&rsquo;un concert Vendredi 28 Ao\u00fbt 2026 :Accueil des nouveaux soyonnais &#8211; Salle des F\u00eates Andr\u00e9 CONTE, Soyons Samedi 29 Ao\u00fbt 2026 : Forum des associations &#8211; Br\u00e9gard, Soyons (9h-12h) D&rsquo;autres animations peuvent \u00eatre mises en place &hellip; <a href=\"https:\/\/loneseco-asso.fr\/?page_id=289\" class=\"more-link\">Continuer la lecture de <span class=\"screen-reader-text\">Agenda<\/span>  <span class=\"meta-nav\">&rarr;<\/span><\/a><\/p>\n","protected":false},"author":1,"featured_media":0,"parent":0,"menu_order":0,"comment_status":"closed","ping_status":"closed","template":"","meta":{"footnotes":""},"class_list":["post-289","page","type-page","status-publish","hentry"],"_links":{"self":[{"href":"https:\/\/loneseco-asso.fr\/index.php?rest_route=\/wp\/v2\/pages\/289","targetHints":{"allow":["GET"]}}],"collection":[{"href":"https:\/\/loneseco-asso.fr\/index.php?rest_route=\/wp\/v2\/pages"}],"about":[{"href":"https:\/\/loneseco-asso.fr\/index.php?rest_route=\/wp\/v2\/types\/page"}],"author":[{"embeddable":true,"href":"https:\/\/loneseco-asso.fr\/index.php?rest_route=\/wp\/v2\/users\/1"}],"replies":[{"embeddable":true,"href":"https:\/\/loneseco-asso.fr\/index.php?rest_route=%2Fwp%2Fv2%2Fcomments&post=289"}],"version-history":[{"count":60,"href":"https:\/\/loneseco-asso.fr\/index.php?rest_route=\/wp\/v2\/pages\/289\/revisions"}],"predecessor-version":[{"id":1536,"href":"https:\/\/loneseco-asso.fr\/index.php?rest_route=\/wp\/v2\/pages\/289\/revisions\/1536"}],"wp:attachment":[{"href":"https:\/\/loneseco-asso.fr\/index.php?rest_route=%2Fwp%2Fv2%2Fmedia&parent=289"}],"curies":[{"name":"wp","href":"https:\/\/api.w.org\/{rel}","templated":true}]}}